{"id":2180,"date":"2024-03-04T15:26:35","date_gmt":"2024-03-04T21:26:35","guid":{"rendered":"https:\/\/grupocolemex.com\/colemexdisenolegal\/aaron-alejandro-monroy-juarez-copy\/"},"modified":"2024-10-21T17:45:12","modified_gmt":"2024-10-21T23:45:12","slug":"saul-eduardo-estrada-acosta","status":"publish","type":"page","link":"https:\/\/grupocolemex.com\/colemexdisenolegal\/saul-eduardo-estrada-acosta\/","title":{"rendered":"Sa\u00fal Eduardo Estrada Acosta"},"content":{"rendered":"<section class=\"wpb-content-wrapper\">[vc_row][vc_column][vc_empty_space height=&#8221;20px&#8221;][\/vc_column][\/vc_row][vc_row][vc_column][vc_column_text]\n<h1>Sa\u00fal Eduardo Estrada Acosta<\/h1>\n[\/vc_column_text][\/vc_column][\/vc_row][vc_row][vc_column][vc_empty_space height=&#8221;20px&#8221;][\/vc_column][\/vc_row][vc_row css=&#8221;.vc_custom_1703039605784{padding-top: 15px !important;padding-bottom: 15px !important;}&#8221;][vc_column width=&#8221;1\/4&#8243;][vc_single_image image=&#8221;2269&#8243; img_size=&#8221;medium&#8221;][vc_column_text css=&#8221;.vc_custom_1713379119855{padding-top: 25px !important;}&#8221;]Tel: 55 5235-6060<br \/>\n<u>s.estrada@grupocolemex.com<\/u>[\/vc_column_text][\/vc_column][vc_column width=&#8221;3\/4&#8243;][vc_column_text css=&#8221;.vc_custom_1713373399496{padding-bottom: 20px !important;}&#8221;]<strong>Estudiante de sexto semestre de la Licenciatura en Derecho en la Universidad Nacional Aut\u00f3noma de M\u00e9xico, practicante en COLEMEX Dise\u00f1o Legal.<\/strong><\/p>\n<p>Desarrollando sus conocimientos en el \u00c1rea Laboral con perfil de especializaci\u00f3n; con un alto desempe\u00f1o en la participaci\u00f3n de la elaboraci\u00f3n de Convenios, as\u00ed como el seguimiento para la ratificaci\u00f3n y cumplimiento de los mismos; proyectos de desahogo de prevenciones, y m\u00faltiples diligencias locales y for\u00e1neas para seguimiento de los juicios laborales, adem\u00e1s de su seguimiento desde las plataformas digitales institucionales.<\/p>\n<p><strong>Integrante de la Sexta Generaci\u00f3n del Programa 10 por M\u00e9xico impartido en la C\u00e1mara de Senadores con reconocimiento de participaci\u00f3n otorgado por Miguel \u00c1ngel Mancera.<\/strong>[\/vc_column_text][\/vc_column][\/vc_row][vc_row][vc_column][vc_empty_space height=&#8221;40px&#8221;][\/vc_column][\/vc_row][vc_row css=&#8221;.vc_custom_1713379783837{padding-bottom: 15px !important;}&#8221;][vc_column][vc_column_text]\n<h3>Nuestro Equipo<\/h3>\n[\/vc_column_text][\/vc_column][\/vc_row][vc_row][vc_column width=&#8221;1\/6&#8243;][vc_single_image image=&#8221;2087&#8243; onclick=&#8221;custom_link&#8221; link=&#8221;\/colemexdisenolegal\/ariel-lopez-castillo\/&#8221;][vc_column_text css=&#8221;.vc_custom_1713379914766{padding-top: 8px !important;}&#8221;]\n<h6><a href=\"\/colemexdisenolegal\/ariel-lopez-castillo\/\">Ariel L\u00f3pez Castillo<\/a><\/h6>\n[\/vc_column_text][\/vc_column][vc_column width=&#8221;1\/6&#8243;][vc_single_image image=&#8221;2187&#8243; onclick=&#8221;custom_link&#8221; link=&#8221;\/colemexdisenolegal\/aaron-alejandro-monroy-juarez\/&#8221;][vc_column_text css=&#8221;.vc_custom_1713380008963{padding-top: 8px !important;}&#8221;]\n<h6><a href=\"\/colemexdisenolegal\/aaron-alejandro-monroy-juarez\/\">Aaron A. Monroy Ju\u00e1rez<\/a><\/h6>\n[\/vc_column_text][\/vc_column][vc_column width=&#8221;1\/6&#8243;][vc_single_image image=&#8221;2415&#8243; onclick=&#8221;custom_link&#8221; link=&#8221;\/colemexdisenolegal\/alan-molina-sanchez\/&#8221;][vc_column_text css=&#8221;.vc_custom_1729554252780{padding-top: 8px !important;}&#8221;]\n<h6><a href=\"\/colemexdisenolegal\/alan-molina-sanchez\/\">Alan Molina S\u00e1nchez<\/a><\/h6>\n[\/vc_column_text][\/vc_column][vc_column width=&#8221;1\/6&#8243;][vc_single_image image=&#8221;2189&#8243; onclick=&#8221;custom_link&#8221; link=&#8221;\/colemexdisenolegal\/emilio-hernandez-mora\/&#8221;][vc_column_text css=&#8221;.vc_custom_1713380103945{padding-top: 8px !important;}&#8221;]\n<h6><a href=\"\/colemexdisenolegal\/emilio-hernandez-mora\/\">Emilio Hern\u00e1ndez Mora<\/a><\/h6>\n[\/vc_column_text][\/vc_column][vc_column width=&#8221;1\/6&#8243;][vc_single_image image=&#8221;2191&#8243; onclick=&#8221;custom_link&#8221; link=&#8221;\/colemexdisenolegal\/ranulfo-martinez-bacilio\/&#8221;][vc_column_text css=&#8221;.vc_custom_1713380213173{padding-top: 8px !important;}&#8221;]\n<h6><a href=\"\/colemexdisenolegal\/ranulfo-martinez-bacilio\/\">Ranulfo Mart\u00ednez Bacilio<\/a><\/h6>\n[\/vc_column_text][\/vc_column][vc_column width=&#8221;1\/6&#8243;][vc_single_image image=&#8221;2416&#8243; onclick=&#8221;custom_link&#8221; link=&#8221;\/colemexdisenolegal\/alberto-ortiz-garcia\/&#8221;][vc_column_text css=&#8221;.vc_custom_1729554303963{padding-top: 8px !important;}&#8221;]\n<h6><a href=\"\/colemexdisenolegal\/alberto-ortiz-garcia\/\">Alberto Ortiz Garc\u00eda<\/a><\/h6>\n[\/vc_column_text][\/vc_column][\/vc_row]\n<\/section>","protected":false},"excerpt":{"rendered":"<p>[vc_row][vc_column][vc_empty_space height=&#8221;20px&#8221;][\/vc_column][\/vc_row][vc_row][vc_column][vc_column_text] Sa\u00fal Eduardo Estrada Acosta [\/vc_column_text][\/vc_column][\/vc_row][vc_row][vc_column][vc_empty_space height=&#8221;20px&#8221;][\/vc_column][\/vc_row][vc_row css=&#8221;.vc_custom_1703039605784{padding-top: 15px !important;padding-bottom: 15px !important;}&#8221;][vc_column width=&#8221;1\/4&#8243;][vc_single_image image=&#8221;2269&#8243; img_size=&#8221;medium&#8221;][vc_column_text css=&#8221;.vc_custom_1713379119855{padding-top: 25px !important;}&#8221;]Tel: 55 5235-6060 s.estrada@grupocolemex.com[\/vc_column_text][\/vc_column][vc_column width=&#8221;3\/4&#8243;][vc_column_text css=&#8221;.vc_custom_1713373399496{padding-bottom: 20px !important;}&#8221;]Estudiante de sexto semestre de la Licenciatura en Derecho en la Universidad Nacional Aut\u00f3noma de M\u00e9xico, practicante en COLEMEX Dise\u00f1o Legal. Desarrollando sus conocimientos en el \u00c1rea Laboral con perfil [&hellip;]<\/p>\n","protected":false},"author":1,"featured_media":2087,"parent":0,"menu_order":0,"comment_status":"closed","ping_status":"closed","template":"","meta":{"footnotes":""},"class_list":["post-2180","page","type-page","status-publish","has-post-thumbnail","hentry"],"_links":{"self":[{"href":"https:\/\/grupocolemex.com\/colemexdisenolegal\/wp-json\/wp\/v2\/pages\/2180","targetHints":{"allow":["GET"]}}],"collection":[{"href":"https:\/\/grupocolemex.com\/colemexdisenolegal\/wp-json\/wp\/v2\/pages"}],"about":[{"href":"https:\/\/grupocolemex.com\/colemexdisenolegal\/wp-json\/wp\/v2\/types\/page"}],"author":[{"embeddable":true,"href":"https:\/\/grupocolemex.com\/colemexdisenolegal\/wp-json\/wp\/v2\/users\/1"}],"replies":[{"embeddable":true,"href":"https:\/\/grupocolemex.com\/colemexdisenolegal\/wp-json\/wp\/v2\/comments?post=2180"}],"version-history":[{"count":23,"href":"https:\/\/grupocolemex.com\/colemexdisenolegal\/wp-json\/wp\/v2\/pages\/2180\/revisions"}],"predecessor-version":[{"id":2435,"href":"https:\/\/grupocolemex.com\/colemexdisenolegal\/wp-json\/wp\/v2\/pages\/2180\/revisions\/2435"}],"wp:featuredmedia":[{"embeddable":true,"href":"https:\/\/grupocolemex.com\/colemexdisenolegal\/wp-json\/wp\/v2\/media\/2087"}],"wp:attachment":[{"href":"https:\/\/grupocolemex.com\/colemexdisenolegal\/wp-json\/wp\/v2\/media?parent=2180"}],"curies":[{"name":"wp","href":"https:\/\/api.w.org\/{rel}","templated":true}]}}