{"id":2165,"date":"2024-03-04T15:17:13","date_gmt":"2024-03-04T21:17:13","guid":{"rendered":"https:\/\/grupocolemex.com\/colemexdisenolegal\/ignacio-hernandez-orduna-copy\/"},"modified":"2024-10-21T17:21:01","modified_gmt":"2024-10-21T23:21:01","slug":"ariel-lopez-castillo","status":"publish","type":"page","link":"https:\/\/grupocolemex.com\/colemexdisenolegal\/ariel-lopez-castillo\/","title":{"rendered":"Ariel L\u00f3pez Castillo"},"content":{"rendered":"<section class=\"wpb-content-wrapper\">[vc_row][vc_column][vc_empty_space height=&#8221;20px&#8221;][\/vc_column][\/vc_row][vc_row][vc_column][vc_column_text]\n<h1>Ariel L\u00f3pez Castillo<\/h1>\n[\/vc_column_text][vc_custom_heading text=&#8221;Director de Litigios&#8221; google_fonts=&#8221;font_family:Montserrat%3Aregular%2C700|font_style:400%20regular%3A400%3Anormal&#8221;][\/vc_column][\/vc_row][vc_row][vc_column][vc_empty_space height=&#8221;20px&#8221;][\/vc_column][\/vc_row][vc_row css=&#8221;.vc_custom_1703039605784{padding-top: 15px !important;padding-bottom: 15px !important;}&#8221;][vc_column width=&#8221;1\/4&#8243;][vc_single_image image=&#8221;2087&#8243; img_size=&#8221;medium&#8221;][vc_column_text css=&#8221;.vc_custom_1713378734129{padding-top: 25px !important;}&#8221;]Tel: 55 5235-6060<br \/>\n<u>a.lopez@grupocolemex.com<\/u>[\/vc_column_text][\/vc_column][vc_column width=&#8221;3\/4&#8243;][vc_column_text css=&#8221;.vc_custom_1713372538889{padding-bottom: 20px !important;}&#8221;]<strong>Licenciado en Derecho por la Universidad Nacional Aut\u00f3noma de M\u00e9xico.<\/strong><\/p>\n<p>Profesionista en constante capacitaci\u00f3n, cuenta con diplomados y especializaciones en diversas ramas del Derecho como: Sistema Penal, Juicios Orales, Nuevo Sistema Penal Acusatorio Adversarial y Oral, Derecho Laboral, entre otras; as\u00ed como en tem\u00e1ticas complementarias como Derechos Humanos, Educaci\u00f3n Financiera y Perspectiva de G\u00e9nero.<\/p>\n<p>Se ha desempe\u00f1ado en el sector p\u00fablico en la Fiscal\u00eda de Procesos Familiares, de la Procuradur\u00eda de Justicia del Distrito Federal y en el Juzgado D\u00e9cimo segundo Penal De Delito No Graves, del Tribunal Superior de Justicia del Distrito Federal; asistiendo al Ministerio P\u00fablico, as\u00ed como realizando Proyecciones de \u00d3rdenes de Aprehensi\u00f3n, Comparecencias y Autos de Plazo Constitucional.<\/p>\n<p>Actualmente, <strong>Director de Litigios en COLEMEX Dise\u00f1o Legal<\/strong>, donde desde 2015, atiende de manera destacada y exitosa; casos en materia Penal, Familiar, Civil, Laboral, Responsabilidad de Servidores P\u00fablicos y Amparo.[\/vc_column_text][\/vc_column][\/vc_row][vc_row][vc_column][vc_empty_space height=&#8221;40px&#8221;][\/vc_column][\/vc_row][vc_row][vc_column][vc_column_text css=&#8221;.vc_custom_1713386180988{padding-bottom: 20px !important;}&#8221;]\n<h3>Nuestro Equipo<\/h3>\n[\/vc_column_text][\/vc_column][\/vc_row][vc_row][vc_column width=&#8221;1\/6&#8243;][vc_single_image image=&#8221;2187&#8243; onclick=&#8221;custom_link&#8221; link=&#8221;\/colemexdisenolegal\/aaron-alejandro-monroy-juarez\/&#8221;][vc_column_text css=&#8221;.vc_custom_1713383630041{padding-top: 8px !important;}&#8221;]\n<h6><a href=\"\/colemexdisenolegal\/aaron-alejandro-monroy-juarez\/\">Aaron A. Monroy Ju\u00e1rez<\/a><\/h6>\n[\/vc_column_text][\/vc_column][vc_column width=&#8221;1\/6&#8243;][vc_single_image image=&#8221;2189&#8243; onclick=&#8221;custom_link&#8221; link=&#8221;\/colemexdisenolegal\/emilio-hernandez-mora\/&#8221;][vc_column_text css=&#8221;.vc_custom_1713383670182{padding-top: 8px !important;}&#8221;]\n<h6><a href=\"\/colemexdisenolegal\/emilio-hernandez-mora\/\">Emilio Hern\u00e1ndez Mora<\/a><\/h6>\n[\/vc_column_text][\/vc_column][vc_column width=&#8221;1\/6&#8243;][vc_single_image image=&#8221;2191&#8243; onclick=&#8221;custom_link&#8221; link=&#8221;\/colemexdisenolegal\/ranulfo-martinez-bacilio\/&#8221;][vc_column_text css=&#8221;.vc_custom_1713383707758{padding-top: 8px !important;}&#8221;]\n<h6><a href=\"\/colemexdisenolegal\/ranulfo-martinez-bacilio\/\">Ranulfo Mart\u00ednez Bacilio<\/a><\/h6>\n[\/vc_column_text][\/vc_column][vc_column width=&#8221;1\/6&#8243;][vc_single_image image=&#8221;2193&#8243; onclick=&#8221;custom_link&#8221; link=&#8221;\/colemexdisenolegal\/christian-hernandez-garcia\/&#8221;][vc_column_text css=&#8221;.vc_custom_1713383747387{padding-top: 8px !important;}&#8221;]\n<h6><a href=\"\/colemexdisenolegal\/christian-hernandez-garcia\/\">Christian Hern\u00e1ndez Garc\u00eda<\/a><\/h6>\n[\/vc_column_text][\/vc_column][vc_column width=&#8221;1\/6&#8243;][vc_single_image image=&#8221;2269&#8243; onclick=&#8221;custom_link&#8221; link=&#8221;\/colemexdisenolegal\/saul-eduardo-estrada-acosta\/&#8221;][vc_column_text css=&#8221;.vc_custom_1713383786591{padding-top: 8px !important;}&#8221;]\n<h6><a href=\"\/colemexdisenolegal\/saul-eduardo-estrada-acosta\/\">Sa\u00fal Eduardo Estrada Acosta<\/a><\/h6>\n[\/vc_column_text][\/vc_column][vc_column width=&#8221;1\/6&#8243;][vc_single_image image=&#8221;2416&#8243; onclick=&#8221;custom_link&#8221; link=&#8221;\/colemexdisenolegal\/alberto-ortiz-garcia\/&#8221;][vc_column_text css=&#8221;.vc_custom_1729552853363{padding-top: 8px !important;}&#8221;]\n<h6><a href=\"\/colemexdisenolegal\/alberto-ortiz-garcia\/\">Alberto Ortiz Garc\u00eda<\/a><\/h6>\n[\/vc_column_text][\/vc_column][\/vc_row]\n<\/section>","protected":false},"excerpt":{"rendered":"<p>[vc_row][vc_column][vc_empty_space height=&#8221;20px&#8221;][\/vc_column][\/vc_row][vc_row][vc_column][vc_column_text] Ariel L\u00f3pez Castillo [\/vc_column_text][vc_custom_heading text=&#8221;Director de Litigios&#8221; google_fonts=&#8221;font_family:Montserrat%3Aregular%2C700|font_style:400%20regular%3A400%3Anormal&#8221;][\/vc_column][\/vc_row][vc_row][vc_column][vc_empty_space height=&#8221;20px&#8221;][\/vc_column][\/vc_row][vc_row css=&#8221;.vc_custom_1703039605784{padding-top: 15px !important;padding-bottom: 15px !important;}&#8221;][vc_column width=&#8221;1\/4&#8243;][vc_single_image image=&#8221;2087&#8243; img_size=&#8221;medium&#8221;][vc_column_text css=&#8221;.vc_custom_1713378734129{padding-top: 25px !important;}&#8221;]Tel: 55 5235-6060 a.lopez@grupocolemex.com[\/vc_column_text][\/vc_column][vc_column width=&#8221;3\/4&#8243;][vc_column_text css=&#8221;.vc_custom_1713372538889{padding-bottom: 20px !important;}&#8221;]Licenciado en Derecho por la Universidad Nacional Aut\u00f3noma de M\u00e9xico. Profesionista en constante capacitaci\u00f3n, cuenta con diplomados y especializaciones en diversas ramas del Derecho como: Sistema Penal, [&hellip;]<\/p>\n","protected":false},"author":1,"featured_media":0,"parent":0,"menu_order":0,"comment_status":"closed","ping_status":"closed","template":"","meta":{"footnotes":""},"class_list":["post-2165","page","type-page","status-publish","hentry"],"_links":{"self":[{"href":"https:\/\/grupocolemex.com\/colemexdisenolegal\/wp-json\/wp\/v2\/pages\/2165","targetHints":{"allow":["GET"]}}],"collection":[{"href":"https:\/\/grupocolemex.com\/colemexdisenolegal\/wp-json\/wp\/v2\/pages"}],"about":[{"href":"https:\/\/grupocolemex.com\/colemexdisenolegal\/wp-json\/wp\/v2\/types\/page"}],"author":[{"embeddable":true,"href":"https:\/\/grupocolemex.com\/colemexdisenolegal\/wp-json\/wp\/v2\/users\/1"}],"replies":[{"embeddable":true,"href":"https:\/\/grupocolemex.com\/colemexdisenolegal\/wp-json\/wp\/v2\/comments?post=2165"}],"version-history":[{"count":12,"href":"https:\/\/grupocolemex.com\/colemexdisenolegal\/wp-json\/wp\/v2\/pages\/2165\/revisions"}],"predecessor-version":[{"id":2430,"href":"https:\/\/grupocolemex.com\/colemexdisenolegal\/wp-json\/wp\/v2\/pages\/2165\/revisions\/2430"}],"wp:attachment":[{"href":"https:\/\/grupocolemex.com\/colemexdisenolegal\/wp-json\/wp\/v2\/media?parent=2165"}],"curies":[{"name":"wp","href":"https:\/\/api.w.org\/{rel}","templated":true}]}}